(32/60) - 3/k. Suppose -124 - 224 = -g*b. What are the prime factors of b?
29
Let b = -4134 + 14788. Suppose -242*m = -228*m - b. List the prime factors of m.
761
What are the prime factors of (2024 + 5)/((-136)/(-16) + -8)?
2, 2029
Suppose 11126 = -10*x - 16644. Let p = -1934 - x. What are the prime factors of p?
3, 281
Let g = -304 - -122. Let q be (g/(-35) - 5) + (-14)/(-5). Suppose -q*z + 292 = -137. What are the prime factors of z?
11, 13
Let v = -5299 + 718. List the prime factors of (-30)/75 - v/15.
5, 61
Let n(k) = 30*k + 8518. List the prime factors of n(-53).
2, 433
Suppose 0 = -7*z + 3*z + 24. Let u be 16/z - (5 + 80/(-15)). Suppose -988 = -u*m - 10*m. List the prime factors of m.
2, 19
What are the prime factors of -356 + 346 + 6364 + -1?
6353
Let b(x) = -19*x**3 - 3*x**2 - 5*x - 1. Let p be -1 + -1 + (-2 - 14/(-7)). Let o be 10*p/4 - (-4 - -1). List the prime factors of b(o).
149
Let h(k) = 57*k**3 + 5*k**2 + 3*k - 7. Let c(f) = f**3 + f**2 - 1. Let o(i) = 2*c(i) - h(i). What are the prime factors of o(-2)?
439
Let l = 169 - 169. Let t(s) = -s**3 + 2*s + 0*s**3 + 37 + 17. What are the prime factors of t(l)?
2, 3
What are the prime factors of 4 - 361476/(-16) - 55/220?
2, 3, 7, 269
Let y = -11052 - -26270. List the prime factors of y.
2, 7, 1087
Suppose 0 = -22*k - 61 + 303. Let q = 2 - 2. Suppose -k*d + 2640 = -q*d. List the prime factors of d.
2, 3, 5
Suppose 2*t = 4*m + 3870, 0 = -5*m + 4*t - 3*t - 4833. Let g = 1421 + m. List the prime factors of g.
5, 7, 13
Suppose 0 = -16*f + 7245 + 6307. Let s = 1464 - f. List the prime factors of s.
617
Let v(l) = 7*l + 63. Let h be v(-9). What are the prime factors of 902/33*(9 - h)?
2, 3, 41
Let r = 25 + -6. Suppose -g + r = 5. Suppose 19*f - 1015 = g*f. List the prime factors of f.
7, 29
Suppose -29343 = -3*a - d, 2*a - 27*d - 19554 = -25*d. What are the prime factors of a?
2, 3, 5, 163
Let h be 1/(-2) + (-17020)/(-40). Let b = h - 173. List the prime factors of b.
2, 3, 7
List the prime factors of ((-8)/(-6) - 2)*(-18)/12 + 10912.
7, 1559
Let p be (4/(-8))/((-1)/16). Suppose 434 = 10*g - p*g. What are the prime factors of g?
7, 31
Let h = -326 - 451. Let u = h - -1305. What are the prime factors of u?
2, 3, 11
Let u = -367 - -662. Let v be (u/3)/(3/18). Suppose -k = 4*k - v. What are the prime factors of k?
2, 59
List the prime factors of 7149*(-1 - -2)/((-301)/(-21) + -14).
3, 2383
Suppose 8*s - 122435 = 58941. Suppose -s = -42*m + 34952. What are the prime factors of m?
2, 7
Let t = -45 - -47. Suppose 4*i + t*i = 144. Let v = i - -26. List the prime factors of v.
2, 5
Let a = -130 - -190. Suppose -2*q + a = 50. Suppose -q*t = 7*x - 8*x + 79, 0 = x + 3*t - 95. List the prime factors of x.
89
Let c = -10831 + 17225. List the prime factors of c.
2, 23, 139
Let x(z) = -3*z**2 + 12*z + 2. Let c be x(0). What are the prime factors of ((-169)/c)/(2/(-32))?
2, 13
List the prime factors of (-1253176)/(-69) + 1224/42228.
2, 3, 1009
Let i be (-3 + -3)*((-6450)/12 - -6). Suppose 3*p - i = -t - 586, -6 = -3*t. What are the prime factors of p?
3, 17
Let l be -2 + 3 + -1614 - (-9)/(-3). Let q = 2266 + l. List the prime factors of q.
2, 5, 13
Let h = 62273 - 36790. List the prime factors of h.
17, 1499
Let o = 2542 + -1582. Suppose 34*k - 36*k + o = 0. Let a = k - 331. List the prime factors of a.
149
Suppose t - 4*u - 23648 = 0, 4*u + 70896 = -82*t + 85*t. List the prime factors of t.
2, 2953
Let i(v) = 51*v**2 + 114*v - 17. What are the prime factors of i(9)?
2, 5, 257
Let x(t) = -t**3 - 30*t**2 + 8*t - 9. Let l be x(-31). What are the prime factors of (-1 + (-69)/12)/((-24)/l)?
2, 3, 11
Let o = 5671 - 829. Suppose -27*c + 33*c = o. List the prime factors of c.
3, 269
Let f be (14/(-8))/(3*5/(-60)). Let w(o) = 7*o - 17*o + 10*o - 52 + f*o. What are the prime factors of w(16)?
2, 3, 5
Let y(x) = -4*x**2 - 7*x + 2. Let b be y(-5). Let i = -777 - -882. Let j = i + b. What are the prime factors of j?
2, 3, 7
Let x(g) = -3225*g - 10 - 21*g**2 + 3215*g + 22*g**2. Suppose -5*q = -18 - 47. List the prime factors of x(q).
29
Let n = -25949 + 69192. What are the prime factors of n?
83, 521
Let q = -4212 + 17245. List the prime factors of q.
13033
Suppose 5*y + 5 = 3*y + 5*d, 0 = 2*y + d - 13. Suppose -y*m + 5382 = 4*m. Suppose 0 = -7*j + 585 + m. What are the prime factors of j?
13
Suppose -3*l + 116076 = 14*l. What are the prime factors of l?
2, 3, 569
Suppose 281*v = 278*v. Suppose -11*m - 18*m + 30421 = v. List the prime factors of m.
1049
Suppose -3*n = 3*t + 60, 5*n = -3 - 12. Let k = t + 105. What are the prime factors of k?
2, 11
Let h = -1605 - -4093. Suppose 23*o - 3630 = h. What are the prime factors of o?
2, 7, 19
Let k = -64 - -67. Suppose 4*r - 2 = k*r. Suppose 55 = 5*y + 5*n, 3*y - 2*n - 11 = r. List the prime factors of y.
7
Let f(b) = -21*b - 1. Let p be f(-1). Let y(k) = -5*k + 43*k - p*k + 45. What are the prime factors of y(9)?
3, 23
Suppose 5*g - d = 16792, -5*g - 3*d - 4692 = -21476. What are the prime factors of g?
2, 23, 73
Let c be (-6)/27*-3*(-75)/10. Let g(s) = -70*s - 30. List the prime factors of g(c).
2, 5
Suppose -2*t + 12 = 2*z, z - 10 = -t - 2*z. Suppose t*w - 303 = -15. What are the prime factors of w?
2, 3
Let k = 3453 - 871. List the prime factors of k.
2, 1291
Let x = -13935 + 55766. List the prime factors of x.
59, 709
Let a(q) = -5*q - 71. Let k be a(-15). List the prime factors of (23552/5)/k + (-3)/5.
11, 107
Suppose -23*l + 393206 = 9*l + 29*l. List the prime factors of l.
2, 11, 293
Let m be 4*(3 + 33/(-6) - -3). Suppose s + 2189 = 6*s - 4*r, -3*s + m*r = -1313. List the prime factors of s.
19, 23
Let b = 14305 - 2583. List the prime factors of b.
2, 5861
Let i(m) = m**3 + 31*m - 201. List the prime factors of i(10).
1109
Let n be -90 - ((-24)/4 + 4). What are the prime factors of n/(-1 + 1 - 1)?
2, 11
What are the prime factors of -3512*(-102)/4 - 2510/251?
2, 44773
Let j(a) = -162*a**3 - a**2 - a + 12. Let y be j(-5). List the prime factors of (-4)/(-3) + y/87.
2, 3, 13
Suppose 1174 = 7*v - 3488. Let f = 1375 - v. List the prime factors of f.
709
Let r(i) = -i**2 + 14*i - 11. Let o be 2 + (-11)/(3 + -4). Let x be r(o). Suppose -y - 55 = -p - x*y, 0 = 5*y + 25. List the prime factors of p.
2, 3, 5
Suppose -w + 523 = 5*s + 406, -3*w = 2*s - 390. What are the prime factors of w?
2, 3, 11
Let g = 255 - 358. Let o = g + 97. List the prime factors of (-344*(-1)/6)/((-4)/o).
2, 43
Suppose -7*k - 249 = 52. Let l = k + 41. List the prime factors of l/(-16)*12 + (-15)/(-2).
3
Let r = -390 - -1002. Suppose -5*z = -0*o - o + r, -z = 0. What are the prime factors of o?
2, 3, 17
Suppose w + 3*s - 10 = 0, s - 5 = 5*w - 7. Let i(n) = 89*n + 38. What are the prime factors of i(w)?
127
Let k(j) = j**2 - 7*j - 3. Let o be k(7). Let z be 5 - (-1 + (o + 2)*2). What are the prime factors of 9657/72 - 1/z?
2, 67
Suppose 2*l = 5 + 13. Suppose -2*w + 5*a = -w, 2*w - a = l. Suppose 0 = -3*n - 1 - 8, 0 = w*x - 5*n - 375. What are the prime factors of x?
2, 3
Suppose -2*t - 287*c = -292*c - 992, 5*t - 5*c = 2450. What are the prime factors of t?
2, 3
Let x = -108612 - -168888. List the prime factors of x.
2, 3, 5023
What are the prime factors of -7 + (-950)/(-133) - 29532/(-7)?
4219
Let x = 24185 + -14065. List the prime factors of x.
2, 5, 11, 23
Suppose s = -2*f - 25, 18*s - 60 = 5*f + 20*s. What are the prime factors of (-4*86/20)/(f/300)?
2, 3, 43
Let w(s) = 12*s**2 + 16*s + 31. Let h(d) = 2*d**2 - 2*d + 1. Let n(v) = 6*h(v) + w(v). List the prime factors of n(-4).
3, 5
Suppose 0*n = -2*n + 8. Suppose 993*g = 1002*g. Suppose -4*f = -n*a - g*a - 760, -f = 3*a - 186. What are the prime factors of f?
3, 7
Let j = 168 - 153. List the prime factors of ((-2415)/(-10))/(j/20).
2, 7, 23
Suppose -3*u - 15*u + 284719 = 100417. List the prime factors of u.
3, 3413
Let a be (56/(-16) - -3)/(1/(-52)). Suppose -l = -a*l + 5100. List the prime factors of l.
2, 3, 17
Suppose 14712 = 18*k + 3966. Suppose 33*i - 28*i - k = -q, -q = 2*i - 240. What are the prime factors of i?
7, 17
Let i(v) be the second derivative of v**5/10 + v**3/2 - 2*v**2 - 17*v. Let d be i(3). Suppose 196 - d = p. What are the prime factors of p?
137
Let p = 13963 - 4541. What are the prime factors of p?
2, 7, 673
Let y = 25 - -3